alculate u(150).
3
Let k(b) = -2*b**3 + 254*b**2 + 16356*b + 261. Determine k(174).
261
Let d(v) = -v**3 + 10*v**2 - 8964*v + 89633. Determine d(10).
-7
Let d(x) = 466*x - 11668. Calculate d(25).
-18
Let j(u) = 175*u + 4460. Calculate j(-22).
610
Let u(t) = t**3 + 11*t**2 - 23*t - 8. What is u(14)?
4570
Let w(x) = 6772*x + 87637. Calculate w(-13).
-399
Let d(b) = -22*b**2 - 1163*b + 329. Give d(-53).
170
Let n(r) = -r**3 + 26*r**2 - 32*r - 467. Calculate n(22).
765
Let n(i) = 36*i**3 - 9*i**2 - 2*i + 23. Determine n(0).
23
Let f(z) = 75867*z - 18511536. Give f(244).
12
Let j(r) = -419*r**3 - 146*r**2 - 154*r - 11. Calculate j(-1).
416
Let s(f) = -41*f**3 + 247*f**2 + 82*f - 528. What is s(6)?
0
Let y(z) = -z**3 + 144*z**2 - 2011*z + 6. Calculate y(17).
2522
Let y(l) = l**3 - 25*l**2 - 40*l - 445. What is y(27)?
-67
Let b(r) = -2*r**2 + 892*r - 77411. Determine b(118).
-3
Let x(n) = n**3 - 60*n**2 - 394*n + 16740. Calculate x(62).
0
Let t(k) = k**2 + 112*k - 3004. Calculate t(-134).
-56
Let m(p) = -2059*p - 14078. Calculate m(-7).
335
Let o(t) = 162*t**2 + 16684*t - 196. Determine o(-103).
10
Let z(b) = -b**3 + 11*b**2 + 52*b - 469. Determine z(10).
151
Let r(v) = -305*v**2 + 176*v + 176. What is r(-1)?
-305
Let k(i) = 3*i**2 - 46*i + 151. Give k(27).
1096
Let u(z) = 2*z**3 + 5*z**2 - 175*z - 1109. What is u(-6)?
-311
Let q(h) = -2*h**3 + 493*h**2 - 3124*h - 132. Calculate q(240).
-1092
Let b(s) = 9*s**2 + 883*s + 13. Determine b(-99).
805
Let i(a) = -2*a**3 + 6*a**2 + 60*a - 215. Calculate i(-7).
345
Let v(f) = 65*f + 11819. What is v(-181)?
54
Let s(l) = 254*l**2 - 1758*l - 108. What is s(7)?
32
Let i(l) = -l**3 - 210*l**2 - 4306*l - 1010. Calculate i(-187).
-75
Let q(a) = -a**3 + 170*a**2 - 474*a - 3059. Calculate q(167).
1450
Let p(q) = -60006*q + 539954. Determine p(9).
-100
Let u(s) = 4*s**2 - 4975*s + 29796. What is u(6)?
90
Let q(v) = -707*v**2 + 37*v - 73. What is q(2)?
-2827
Let l(j) = -j**3 - 20*j**2 + 78*j + 498. Give l(-22).
-250
Let d(u) = -3*u**3 - 273*u**2 + 15*u - 1406. Calculate d(-91).
-2771
Let m(x) = -13*x**3 - 120*x**2 - 32*x - 203. Give m(-9).
-158
Let y(k) = 20151*k - 120913. Determine y(6).
-7
Let y(f) = -3398*f + 244721. What is y(72)?
65
Let b(d) = 651*d - 9461. Give b(14).
-347
Let j(r) = r**3 + 11*r**2 - 141*r + 232. Calculate j(-19).
23
Let r(d) = -6*d**3 - 669*d**2 + 109*d - 25409. Calculate r(-112).
15
Let a(j) = -1850387*j - 7401554. Calculate a(-4).
-6
Let u(g) = 239*g + 17912. Determine u(-75).
-13
Let b(r) = 2*r**3 + 2*r**2 - 21*r + 15. What is b(-7)?
-426
Let i(o) = 3*o**3 + 203*o**2 - 2419*o - 107. Give i(-78).
-29
Let b(o) = 105*o**2 + 722*o + 14. Calculate b(-8).
958
Let y(x) = 511*x - 133859. Calculate y(262).
23
Let d(i) = 270*i - 5085. Determine d(6).
-3465
Let p(h) = -7*h**3 + 505*h**2 + 5*h + 555. Determine p(72).
6099
Let i(s) = -2*s**3 + 4*s**2 + 381*s - 4245. Calculate i(12).
-2553
Let d(c) = 9367*c + 2707068. Determine d(-289).
5
Let x(a) = -a**3 - 38*a**2 - 150*a - 34. What is x(-34)?
442
Let o(q) = -q**3 - 53*q**2 + 152*q - 16018. Determine o(-60).
62
Let f(c) = 52665*c - 4739869. What is f(90)?
-19
Let t(a) = -5*a**2 + 2636*a + 51438. Give t(546).
114
Let s(i) = -3014*i + 6063. What is s(2)?
35
Let m(u) = -2*u**3 + 103*u**2 - 264*u - 112. Give m(3).
-31
Let y(b) = -12494*b + 537239. Determine y(43).
-3
Let r(s) = 7872*s + 38946. Determine r(-5).
-414
Let a(h) = -h**3 - 19*h**2 - 4*h - 1526. Determine a(-23).
682
Let h(c) = -20*c**2 + 723*c - 453. Calculate h(36).
-345
Let x(c) = -c**2 + 3252*c - 32239. Determine x(10).
181
Let h(d) = 4*d**2 + 94*d - 17607. Determine h(-80).
473
Let t(m) = -242070*m + 2178537. What is t(9)?
-93
Let p(v) = 1555*v - 222702. Determine p(143).
-337
Let g(n) = 2*n**3 + 355*n**2 - 185*n - 2725. Give g(-178).
-1479
Let t(j) = 25*j**3 + 6826*j**2 + 253*j - 5483. Determine t(-273).
-23
Let p(v) = -655*v - 5888. Give p(-9).
7
Let v(y) = -y**3 + 85*y**2 - 827*y + 194. Give v(11).
51
Let j(l) = 4*l**3 - 9*l**2 + 31*l - 190. What is j(7)?
958
Let z(w) = 19*w**2 - 82*w - 481. Determine z(-6).
695
Let s(k) = -4*k**3 + 700*k**2 + 670*k + 6112. What is s(176)?
128
Let v(w) = -5*w**2 - 355*w + 93. Give v(-75).
-1407
Let v(h) = -3*h**2 + 3937*h + 31592. Determine v(-8).
-96
Let j(g) = 1589*g + 14009. Determine j(-9).
-292
Let g(v) = -65680*v + 1182244. Give g(18).
4
Let d(x) = 1467*x + 2077279. What is d(-1416)?
7
Let f(a) = a**3 + 9*a**2 - 704*a - 8023. What is f(-12)?
-7
Let n(l) = -27*l**3 - 467*l**2 - 129*l + 99. Give n(-17).
-20
Let k(z) = -21*z**3 + 6*z**2 + 5*z + 2. Give k(-4).
1422
Let y(a) = 126663*a + 1899932. Determine y(-15).
-13
Let f(i) = -2009*i + 28188. Determine f(14).
62
Let b(a) = 141*a - 1620. Give b(12).
72
Let k(m) = 23*m**2 + 851*m - 887. Give k(-37).
-887
Let b(i) = 8*i**2 + 208*i + 179. Calculate b(-26).
179
Let q(l) = l**3 - 81*l**2 - 54*l - 1212. Calculate q(82).
1084
Let f(d) = 298*d + 9494. Calculate f(-32).
-42
Let c(y) = 2*y**3 - 116*y**2 + 532*y - 101. What is c(53)?
5
Let l(s) = s**2 - 663777*s - 3318898. Determine l(-5).
12
Let x(s) = 2*s**3 - 203*s**2 + 835*s + 3698. Give x(97).
12
Let x(q) = -2704*q - 2381. What is x(-1)?
323
Let l(n) = 297*n - 439. What is l(-3)?
-1330
Let i(a) = -5*a**2 + 269*a + 3347. Determine i(-13).
-995
Let s(w) = w**3 - 2*w**2 - 102*w - 193. Give s(-2).
-5
Let b(c) = -22874*c - 320267. Give b(-14).
-31
Let i(g) = 274*g - 4444. Give i(31).
4050
Let t(w) = 4*w**3 - 607*w**2 - 152*w + 63. Give t(152).
63
Let q(c) = 6433*c + 77195. Determine q(-12).
-1
Let r(q) = 68740*q + 1237365. What is r(-18)?
45
Let n(c) = c**3 + 11*c**2 - 1276*c - 16257. Determine n(-13).
-7
Let c(d) = 89575*d - 537447. Determine c(6).
3
Let s(l) = 106*l**2 + 110*l - 728. Determine s(4).
1408
Let q(f) = 3557*f - 309402. Calculate q(87).
57
Let y(f) = 2*f**3 + 124*f**2 - 459*f + 4041. Determine y(-66).
-513
Let p(x) = -38256*x + 497653. Give p(13).
325
Let n(z) = z**3 - 177*z**2 + 51*z - 9015. Calculate n(177).
12
Let d(y) = 34635*y - 588830. Determine d(17).
-35
Let n(l) = -5*l**3 + 69*l**2 + 1134*l - 5104. Determine n(22).
0
Let a(q) = -2*q**3 + 82*q**2 + 157*q - 795. Calculate a(-4).
17
Let s(y) = 55*y + 360. Give s(-44).
-2060
Let v(c) = 20776*c + 2472344. Determine v(-119).
0
Let o(c) = -c**3 + 37*c**2 - 288*c - 56. Give o(12).
88
Let t(a) = -4*a**3 - 37*a**2 - 48*a + 3. Give t(-5).
-182
Let x(o) = -o**2 + 175*o + 256033. Give x(-426).
7
Let w(x) = -2*x**3 + 3*x**2 + 19*x - 71. Give w(3).
-41
Let r(s) = -s**3 - 10*s**2 + 246*s + 257. Calculate r(-18).
-1579
Let a(g) = -1557*g + 14013. Determine a(9).
0
Let d(b) = 18326*b - 1337764. Calculate d(73).
34
Let k(y) = -7574*y + 333266. Give k(44).
10
Let f(t) = -t**3 + 32738*t**2 - t + 2. Give f(0).
2
Let i(s) = -668*s - 84327. What is i(-127)?
509
Let f(v) = 75717*v - 1817195. What is f(24)?
13
Let o(y) = 2*y**3 + 72*y**2 - 2254*y - 81107. Calculate o(-36).
37
Let n(j) = j**3 + 63*j**2 + 222*j + 5915. Calculate n(-61).
-185
Let a(f) = 5*f**2 - 3045*f - 3072. What is a(610)?
-22
Let c(u) = 3*u**2 - 36114*u - 108350. Calculate c(-3).
19
Let i(f) = -23878*f + 1552087. Give i(65).
17
Let a(r) = -2*r**3 - 42*r**2 - 158*r - 373. Determine a(-17).
1
Let i(n) = -115*n + 2707. Determine i(39).
-1778
Let f(l) = -l**2 + 443*l - 11236. What is f(24)?
-1180
Let u(a) = a**3 - 37*a**2 - 2113*a - 117. Give u(-31).
38
Let x(s) = 1308*s + 70418. Calculate x(-53).
1094
Let l(v) = -31*v**3 - 7*v**2 - 261*v - 510. Calculate l(-2).
232
Let k(h) = -34*h**2 + 746*h - 7618. Determine k(10).
-3558
Let q(j) = 6*j**3 + 503*j**2 + 2284*j - 549. What is q(-79)?
4
Let w(d) = -736*d**2 + 4577*d + 103. Give w(6).
1069
Let r(c) = 522*c + 3588. Calculate r(-6).
456
Let i(t) = 2*t**2 - 1585*t - 113383. Calculate i(-66).
-61
Let i(h) = -h**3 + 115*h**2 + 95*h - 10922. Calculate i(115).
3
Let f(v) = -v**2 - 650*v + 9846. Calculate f(15).
-129
Let k(h) = -h**3 - 14*h**2 + 488*h + 5947. Determine k(-24).
-5
Let a(q) = -45*q - 239. What is a(26)?
-1409
Let a(g) = -g**2 - 183*g + 46290. Calculate a(142).
140
Let u(t) = 78*t**3 - 18*t**2 + 4*t + 127. Give u(3).
2083
Let i(v) = -v**2 + 225*v + 9195. Calculate i(260).
95
Let y(v) = -34*v**2 + 6929*v + 1414. Determine y(204).
-14
Let b(g) = 3*g**2 - 88*g - 8536. What is b(70)?
4
Let x(m) = -4